s of (2 + y)*6/(-21).
2, 7
Let g = -6 + 7. Let t(m) = m**2 - m - 6. Let v be t(0). What are the prime factors of (0 + v)/(-2 + g)?
2, 3
Let n = 26 + 51. What are the prime factors of n?
7, 11
Suppose -h - h + 22 = 0. Suppose -2*b + 3*b - h = 0. List the prime factors of b.
11
Let k(b) = -b**3 + b**2 - b - 2. Let n be k(2). Let a(d) = -d + 10. List the prime factors of a(n).
2, 3
Let g(i) = i**2 + 3*i + 51. List the prime factors of g(0).
3, 17
Let m = -78 - -86. Let c(h) = -h**2 - 5*h - 1. Let s be c(-4). Suppose -4*x + 4 = q, s*x = -2*q + 31 - m. List the prime factors of q.
2
Let b = 115 - -9. List the prime factors of b.
2, 31
List the prime factors of (4/2)/(((-2)/(-123))/1).
3, 41
Suppose 7*i = i + 144. What are the prime factors of i?
2, 3
Let g(i) = 13*i - 2. List the prime factors of g(1).
11
Let o = -6 - -8. What are the prime factors of (o/4)/(2/40)?
2, 5
Suppose -2*o + 3*f = 74, -4*o + f - 2*f - 148 = 0. What are the prime factors of (1 + (-8)/4)*o?
37
Let g(u) = u**2 - 2*u + 2. Let f be g(2). Let i = f + 4. List the prime factors of i.
2, 3
Suppose -4*c = -798 + 286. Suppose 0 = 5*p, 4*s + 3*p - c = p. Suppose -5*v + s = -v. List the prime factors of v.
2
Suppose -4*a = -4*p - 5*a - 148, 3*a = 4*p + 132. Let n be p/10 - 2/5. What are the prime factors of n + 4 + (1 - -2)?
3
Let r be 3/(-4) + 676/(-16). Let h = r - -25. Let v = 25 + h. List the prime factors of v.
7
Let w = -1 + 4. Suppose -b + 33 + 52 = 5*o, -w*o + 2*b + 64 = 0. What are the prime factors of o?
2, 3
Suppose -28 = 2*c + 100. Let a = 93 + c. List the prime factors of a.
29
Let t = 88 - 53. List the prime factors of t.
5, 7
Let u(i) = -2*i + 3. Let n(r) = 2*r - 3. Suppose j - 10 = -3*b, 0 = -6*b + 4*b + 5*j + 18. Let x(f) = b*n(f) + 5*u(f). What are the prime factors of x(-5)?
13
Suppose 0*o + 2*o = 0. Suppose 0 = -3*p + 4*h + 86, h + 27 = p - o. List the prime factors of p.
2, 11
Let j = 12 + -8. List the prime factors of j.
2
Let i = -5 + 8. Suppose 0 = -7*x + 2*x + 10. Suppose -x*v + 3 + 8 = g, -i*g + 5*v + 11 = 0. What are the prime factors of g?
7
Suppose -2*r - 2*x = -100, -3*x = 2*r + 2*x - 103. What are the prime factors of r?
7
Suppose o = 3 - 0, -4*u + 192 = 4*o. List the prime factors of u.
3, 5
Suppose -3*b = -b - 4. Suppose 3*s - 4*q - 31 - 6 = 0, b*s - 30 = 4*q. List the prime factors of s.
7
Let z(c) be the third derivative of 0*c + 1/120*c**6 + 2*c**2 - 1/20*c**5 + 5/6*c**3 - 1/6*c**4 + 0. What are the prime factors of z(4)?
5
Suppose -3*n + 15 = -69. What are the prime factors of n?
2, 7
Let m = 69 - -22. List the prime factors of 4445/m + (-2)/(-13).
7
Let t(o) = -o**3 + 2*o**3 - 4*o + 7*o + 4*o**2. What are the prime factors of t(-2)?
2
Let m(l) = l**2 + 5*l - 6. List the prime factors of m(5).
2, 11
Let y be -1 + -12 + 1 + 3. What are the prime factors of (-2 - 10)/(y + 7)?
2, 3
Suppose -3*h + 5*g - 19 = 0, -4*g = -5*h - 5 - 5. Suppose 2*w - 12 = h*a - 0, 5*w = -5*a - 10. Let b = w - -3. List the prime factors of b.
5
Let o = 16 + -11. Suppose -o*q + 10 = -10. What are the prime factors of -4 + q - (-2 - 1)?
3
Suppose -200 = -3*q + j + 96, j = -5. List the prime factors of q.
97
What are the prime factors of 2*(-2 + 1) + 30?
2, 7
Let z = 21 - 16. Suppose -51 = -2*c - 0*o + o, z*c - 127 = 3*o. What are the prime factors of c?
2, 13
Suppose -4*h + 167 = 5*t, -31 = 3*t + 4*h - 128. List the prime factors of t.
5, 7
Suppose 7*f - 656 - 352 = 0. List the prime factors of f.
2, 3
Suppose -2*a + 16 = -0. Let m(b) = 57*b - 4 - 46*b - b**2 - 4. What are the prime factors of m(a)?
2
Let o(w) = 4*w - 9. Let n be 2/(-4) + (-65)/(-10). List the prime factors of o(n).
3, 5
Suppose -5*b = 3*i - 0*b - 546, 728 = 4*i + b. List the prime factors of i.
2, 7, 13
Let u be -2 + 9 + (-2 - -3). Suppose v = 15 + u. List the prime factors of v.
23
Let q = 21 + -27. Let y be (2 + -1)/(-1)*11. Let w = q - y. What are the prime factors of w?
5
Let i(c) = 7*c - 3. Let k be i(7). Let n = k - 25. List the prime factors of n.
3, 7
Suppose 31*i = 36*i - 755. What are the prime factors of i?
151
Let m(u) = -u + 3. Let j(t) = -t - 8. Let o be j(-4). What are the prime factors of m(o)?
7
Suppose 2*i = -5 + 67. Let x = i + 10. What are the prime factors of x?
41
What are the prime factors of ((-8)/5)/(18/(-585))?
2, 13
Suppose -34 = -t + 22. What are the prime factors of t?
2, 7
Let a(t) = t**2 - 16. List the prime factors of a(11).
3, 5, 7
Suppose 0 + 6 = 2*f. Suppose 0*z = f*z. Suppose z = 3*k - k - 18. List the prime factors of k.
3
What are the prime factors of 2 + -1 + 159 + 1?
7, 23
Let d(p) = -2*p + 11. Let u be d(-16). Let v = u - -6. What are the prime factors of v?
7
Let i be ((-30)/(-18))/(2/(-6)). Let f = i - -25. What are the prime factors of f?
2, 5
Let t = 66 + -25. What are the prime factors of t?
41
Let k(f) = -f. Let c(s) = -7*s + 1. Let m(q) = c(q) - 4*k(q). Let v(p) = p**3 + 6*p**2 + p + 4. Let o be v(-6). List the prime factors of m(o).
7
Let x(v) = -30*v. Let a be x(-1). Let j = -18 + a. Suppose -2*n - 2 = -j. List the prime factors of n.
5
Suppose 3*b - b - 66 = 2*j, 2*b = j + 71. List the prime factors of b.
2, 19
List the prime factors of (-11 + 4)*(-60)/14.
2, 3, 5
Let y = 0 + 21. List the prime factors of y.
3, 7
Suppose 3*y - 428 + 107 = 0. What are the prime factors of y?
107
Suppose 15 = 2*l - 147. List the prime factors of l.
3
Let l(c) = 3*c**2 + c - 4. List the prime factors of l(5).
2, 19
Let x(n) = -n - 6. Let w be x(-8). Suppose w*f - 3 = -s - 0*s, -5*s = -5*f. What are the prime factors of 16 + -3 + (-1)/s?
2, 3
Let p be 2/13 + (-1608)/(-26). Let c = -37 + p. List the prime factors of c.
5
Suppose 9*k - 4*k + 5 = 0. Let q(m) = m**3 + m**2 - m + 4. Let i be q(0). Let n = k + i. What are the prime factors of n?
3
Let m be (-3 - 0) + 4 + 1. Suppose -m*k + 2*u + 72 = 0, 3*k = 2*k - u + 36. List the prime factors of k.
2, 3
List the prime factors of (5 + 1)*(-6)/(-4).
3
Suppose -w = -5*d - 21, w - 5*w + 3*d = 1. List the prime factors of 14/w*-2 - -1.
2
Suppose -3*c = 3*x + 3, 2*c + 0*x - 12 = 5*x. Let y = 11 + c. List the prime factors of y.
2, 3
Suppose x + 5*u = 8, -u + 1 = -0. Suppose 41 = 2*y + x*y - 4*l, 13 = 2*y - 5*l. Suppose -2*h - y = -2*n + 19, 5*h + 2 = n. What are the prime factors of n?
17
Let d(q) = 10*q**2 + 3*q + 2. List the prime factors of d(4).
2, 3, 29
Suppose 10*b = 1128 + 1142. List the prime factors of b.
227
Let u(y) = -y**3 + 4*y**2 - 2*y. Let q be u(3). Suppose -x = 4*x - 2*m - 42, -q*m - 3 = 0. Let g = 19 - x. What are the prime factors of g?
11
Let i(q) = -q**2 + 6*q + 1. Let r be i(6). Let l = r + 2. What are the prime factors of l?
3
Suppose 0*r = -5*r + 55. Suppose r = 3*t - 1. Suppose -34 = t*z - 6*z. What are the prime factors of z?
17
Let v(i) = -i**3 - 2*i**2 + 3*i + 2. Let y be v(-3). Suppose 0 = 5*t + 5*w, -2*t + 4*w = y*t - 24. What are the prime factors of t?
3
Suppose 6*y = 10*y + 36. Let v = 3 - y. List the prime factors of (-67)/(-5) - v/(-20).
2, 7
Let t = 1 + 5. Let a be (-10)/(-6) + (-6)/(-18). Let b = t + a. What are the prime factors of b?
2
Let a(f) = -2*f**2 + 5*f - 3. Let d be a(5). Let l = -16 - d. List the prime factors of (8/12)/(2/l).
2
Let c(x) = -15*x**3 - x**2 - 2*x - 4. List the prime factors of c(-2).
2, 29
Let d(j) = -j - 7. Let a(f) = -1. Let b(g) = -12*a(g) + 3*d(g). Let z be b(-6). Suppose 0 = -0*k + 3*k - z. List the prime factors of k.
3
Let i be 426/18 + 1/3. Suppose x = -x + i. What are the prime factors of x?
2, 3
Let b(s) = s**2 - 11*s - 12. Let z be b(12). Suppose 2*v = n + 33, -2*v + z*v + 2*n = -28. What are the prime factors of v?
19
Let f(p) = p**3 + 7*p**2 - 9*p + 8. List the prime factors of f(-8).
2
Let y = 7 - 6. What are the prime factors of 9/(y*1/1)?
3
Let d be 4*((-2)/(-4) - 2). Let v = d + 8. List the prime factors of v.
2
Let d = -34 - -27. Let v be 1/(2/(-32)) - -1. Let s = d - v. List the prime factors of s.
2
Let u(d) = -5*d**2 + 2 + 0 + 4*d**2. Let g be u(0). Suppose z - 7 = -3*v + g, 3*z + 9 = 0. List the prime factors of v.
2
Let a = 197 + -137. What are the prime factors of a?
2, 3, 5
Suppose -p + 351 = 8*p. List the prime factors of p.
3, 13
What are the prime factors of 6/(-8) + 510/8?
3, 7
Let m(n) = -10*n. List the prime factors of m(-5).
2, 5
Suppose -m 